t the prime factors of 270915.
3, 5, 18061
List the prime factors of 107140.
2, 5, 11, 487
List the prime factors of 3675863.
1367, 2689
What are the prime factors of 914459?
7, 13, 773
What are the prime factors of 2892193?
17, 61, 2789
List the prime factors of 1113214.
2, 556607
What are the prime factors of 89413?
89413
What are the prime factors of 7361320?
2, 5, 73, 2521
List the prime factors of 253715.
5, 7, 11, 659
What are the prime factors of 3769047?
3, 418783
What are the prime factors of 282431?
29, 9739
What are the prime factors of 3068536?
2, 47, 8161
What are the prime factors of 15733802?
2, 7, 31, 5179
List the prime factors of 171327.
3, 13, 23, 191
What are the prime factors of 146047?
11, 17, 71
List the prime factors of 168737.
168737
List the prime factors of 437737.
107, 4091
What are the prime factors of 431620?
2, 5, 7, 3083
What are the prime factors of 293565?
3, 5, 19571
List the prime factors of 3863758.
2, 41, 47119
What are the prime factors of 64511?
31, 2081
What are the prime factors of 7781472?
2, 3, 41, 659
List the prime factors of 1157192.
2, 79, 1831
What are the prime factors of 18255?
3, 5, 1217
List the prime factors of 3086107.
3086107
List the prime factors of 15408144.
2, 3, 1321
What are the prime factors of 2928132?
2, 3, 163, 499
List the prime factors of 3174026.
2, 19, 101, 827
What are the prime factors of 740615?
5, 148123
What are the prime factors of 16845465?
3, 5, 7, 13, 41, 43
What are the prime factors of 33061370?
2, 5, 3306137
List the prime factors of 10932998.
2, 131, 41729
List the prime factors of 1161715.
5, 283, 821
What are the prime factors of 640095?
3, 5, 139, 307
What are the prime factors of 8548685?
5, 643, 2659
What are the prime factors of 243179?
23, 97, 109
What are the prime factors of 7759182?
2, 3, 19, 29, 2347
List the prime factors of 1326570.
2, 3, 5, 7, 6317
What are the prime factors of 2878540?
2, 5, 7, 29, 709
List the prime factors of 4845661.
4845661
What are the prime factors of 11522154?
2, 3, 7, 39191
List the prime factors of 1366570.
2, 5, 136657
List the prime factors of 3405329.
211, 16139
What are the prime factors of 6473833?
23, 173, 1627
What are the prime factors of 11660356?
2, 23, 126743
List the prime factors of 4079529.
3, 97, 4673
List the prime factors of 253915.
5, 43, 1181
List the prime factors of 245543.
29, 8467
What are the prime factors of 1851068?
2, 41, 11287
What are the prime factors of 1772139?
3, 590713
List the prime factors of 2551002.
2, 3, 37, 11491
List the prime factors of 25443286.
2, 11, 53, 21821
List the prime factors of 683125.
5, 1093
List the prime factors of 3297668.
2, 11, 149, 503
List the prime factors of 99680.
2, 5, 7, 89
List the prime factors of 14176709.
313, 45293
What are the prime factors of 166061?
7, 3389
What are the prime factors of 1269703?
1269703
List the prime factors of 119024.
2, 43, 173
What are the prime factors of 3185329?
7, 455047
What are the prime factors of 16096148?
2, 4024037
List the prime factors of 25190006.
2, 101, 124703
List the prime factors of 18220004.
2, 11, 29, 109, 131
List the prime factors of 1700612.
2, 17, 89, 281
What are the prime factors of 11073254?
2, 5536627
List the prime factors of 9173746.
2, 1217, 3769
What are the prime factors of 678186?
2, 3, 19, 661
List the prime factors of 102830.
2, 5, 7, 13, 113
What are the prime factors of 919637?
89, 10333
List the prime factors of 33581646.
2, 3, 7, 266521
List the prime factors of 1951898.
2, 13, 37, 2029
What are the prime factors of 13933850?
2, 5, 7, 41, 971
What are the prime factors of 9513800?
2, 5, 47569
What are the prime factors of 331934?
2, 29, 59, 97
What are the prime factors of 7243092?
2, 3, 43, 4679
What are the prime factors of 222256?
2, 29, 479
What are the prime factors of 675348?
2, 3, 167, 337
What are the prime factors of 36633?
3, 12211
List the prime factors of 17840738.
2, 71, 125639
What are the prime factors of 19288?
2, 2411
List the prime factors of 301632.
2, 3, 1571
List the prime factors of 2080579.
17, 122387
List the prime factors of 26175680.
2, 5, 81799
What are the prime factors of 16316?
2, 4079
List the prime factors of 5520655.
5, 7, 157733
What are the prime factors of 2763228?
2, 3, 13, 17713
What are the prime factors of 16863722?
2, 8431861
List the prime factors of 392084.
2, 7, 11, 19, 67
What are the prime factors of 362827?
157, 2311
What are the prime factors of 13706424?
2, 3, 190367
What are the prime factors of 1289451?
3, 429817
What are the prime factors of 1135983?
3, 378661
List the prime factors of 2305114.
2, 7, 229, 719
List the prime factors of 543530.
2, 5, 13, 37, 113
What are the prime factors of 411004?
2, 11, 9341
List the prime factors of 1105633.
23, 53, 907
What are the prime factors of 463966?
2, 61, 3803
What are the prime factors of 278298?
2, 3, 15461
List the prime factors of 10561601.
61, 173141
What are the prime factors of 6039883?
6039883
What are the prime factors of 1736374?
2, 103, 8429
List the prime factors of 110211.
3, 17, 2161
What are the prime factors of 588887?
13, 97, 467
List the prime factors of 3412510.
2, 5, 23, 37, 401
List the prime factors of 162939.
3, 7, 7759
What are the prime factors of 5381763?
3, 1793921
What are the prime factors of 4581377?
37, 123821
What are the prime factors of 208890?
2, 3, 5, 11, 211
What are the prime factors of 46648?
2, 7, 17
What are the prime factors of 15745183?
83, 189701
List the prime factors of 12460427.
7, 1780061
What are the prime factors of 2478481?
17, 31, 4703
List the prime factors of 11124017.
673, 16529
List the prime factors of 7708362.
2, 3, 73, 17599
What are the prime factors of 11611234?
2, 67, 73, 1187
List the prime factors of 9966948.
2, 3, 830579
List the prime factors of 643639.
643639
What are the prime factors of 3328227?
3, 7, 7547
List the prime factors of 3181055.
5, 636211
List the prime factors of 287844.
2, 3, 17, 83
What are the prime factors of 323162?
2, 7, 41, 563
List the prime factors of 69651.
3, 71, 109
List the prime factors of 93334.
2, 23, 2029
What are the prime factors of 4006?
2, 2003
List the prime factors of 5548891.
59, 94049
What are the prime factors of 203050?
2, 5, 31, 131
List the prime factors of 1826304.
2, 3, 29, 41
List the prime factors of 304700.
2, 5, 11, 277
What are the prime factors of 151795?
5, 7, 4337
List the prime factors of 857543.
163, 5261
What are the prime factors of 2018781?
3, 224309
List the prime factors of 1618896.
2, 3, 29, 1163
What are the prime factors of 1769101?
1769101
List the prime factors of 3727215.
3, 5, 9203
What are the prime factors of 188386?
2, 11, 8563
List the prime factors of 215565.
3, 5, 7, 2053
List the prime factors of 1792617.
3, 597539
What are the prime factors of 6916726?
2, 3458363
What are the prime factors of 11423312?
2, 713957
List the prime factors of 78821.
23, 149
What are the prime factors of 2268378?
2, 3, 7, 17, 353
List the prime factors of 779985.
3, 5, 17333
List the prime factors of 400977.
3, 14851
List the prime factors of 1669727.
1669727
What are the prime factors of 146637?
3, 5431
What are the prime factors of 1325541?
3, 7, 17, 47, 79
List the prime factors of 747256.
2, 93407
What are the prime factors of 9108498?
2, 3, 7, 17, 12757
List the prime factors of 411110.
2, 5, 7, 839
List the prime factors of 365952.
2, 3, 953
List the prime factors of 211005.
3, 5, 521
List the prime factors of 886231.
163, 5437
What are the prime factors of 3102460?
2, 5, 61, 2543
What are the prime factors of 4284882?
2, 3, 7, 31, 1097
List the prime factors of 448100.
2, 5, 4481
What are the prime factors of 246521?
11, 73, 307
List the prime factors of 58552.
2, 13, 563
List the prime factors of 27630026.
2, 2203, 6271
What are the prime factors of 773663?
11, 61, 1153
What are the prime factors of 1723217?
277, 6221
List the prime factors of 3952245.
3, 5, 11, 17, 1409
List the prime factors of 576936.
2, 3, 2671
List the prime factors of 30657.
3, 11, 929
List the prime factors of 38634.
2, 3, 47, 137
List the prime factors of 6058250.
2, 5, 11, 2203
What are the prime factors of 4108350?
2, 3, 5, 61, 449
What are the prime factors of 11791?
13, 907
List the p